digit of x?
3
Let z be 63/(-6)*5/((-15)/2). What is the hundreds digit of 6*3/63 + 1104/z?
1
Suppose -4*c = y - 3234, -8*c - 5*y = -12*c + 3246. What is the hundreds digit of c?
8
Suppose -3*i + 5*v = -18, v + 41 = 4*i - 0*i. Suppose -i = -3*b + s + 3, -s - 5 = 0. What is the units digit of ((-1)/b)/(2/(-84))?
4
Let w = 149 - -43. What is the units digit of (1 + 2)*w/18?
2
Suppose -5060 = -4*c - 4*t, 3*c - 5*t - 5660 = -1833. What is the hundreds digit of c?
2
Let v(m) = 34*m - 159. What is the hundreds digit of v(41)?
2
Suppose -2*s + 4*x = -148, -2*s + 3*x - 14 = -159. Suppose -z = -h - 0*h + s, 2*h = 5*z + 121. What is the tens digit of h?
7
Suppose -7*j + 2*j = -30. Let s = j - 9. What is the tens digit of (s/(-1))/((-5)/(-30))?
1
Suppose 197*n + 763 = 198*n. What is the hundreds digit of n?
7
Suppose 3*g - 2 = 4, 0 = -5*m + 5*g + 1550. Suppose 16*s - m = 12*s. What is the tens digit of s?
7
Let x(i) be the first derivative of 3*i**2 + 2*i + 2. Let z(l) = -l**3 - 9*l**2 + 9*l - 7. Let v be z(-10). What is the tens digit of x(v)?
2
Let y be (-10)/25 + (-64)/(-10). Let o(k) = 4*k**2 - 10*k + 3. Let f(q) = -11*q**2 + 29*q - 8. Let t(h) = 3*f(h) + 8*o(h). What is the units digit of t(y)?
6
Let j(n) = 525*n**3 + 2*n**2 + 2*n - 3. What is the tens digit of j(1)?
2
Let i = 10 - 18. What is the units digit of (-14)/i*1344/12?
6
Let t(a) = a**2 + 8*a + 3. Let p be 2/12*-2 + (-88)/(-12). What is the units digit of t(p)?
8
Let v(b) = 2*b**2 - 61*b + 47. What is the units digit of v(33)?
2
Suppose -4 = 5*k - 29. Suppose 2*s = -k*q + 69, 3*q - 76 = -3*s + 14. What is the units digit of s?
7
Let a be (-84)/(-12) - 2/1. Suppose -4*l - h + 234 = 10, 4*l + a*h = 240. What is the units digit of l?
5
Let v be 2*((-1500)/8)/(-5). Suppose -v = -2*q + 139. What is the tens digit of q?
0
Let h(a) = a**3 + 3*a + 600. Let v be h(0). Suppose -4*t - t + 1001 = -2*g, 3*t - g = v. What is the tens digit of t?
9
Let o(x) = 11*x - 40. Let a be o(4). Suppose 608 = a*p + 4*p. What is the tens digit of p?
7
Suppose -2*n + 3765 = 3*k - 3194, 4*k = 4*n + 9292. What is the units digit of k?
1
What is the tens digit of (-3 + (10 - -392))*(-2)/(-3)?
6
Suppose 0 = 5*v + 57*k - 55*k - 14073, 0 = 3*v - 4*k - 8449. What is the thousands digit of v?
2
Let u(j) = 1744*j**2 - 35*j - 34. What is the tens digit of u(-1)?
4
Let f(o) = -49*o - 1. Let z be f(-1). Let r be ((-126)/12)/((-6)/(-16)). Let b = z + r. What is the tens digit of b?
2
Let k(s) be the third derivative of 0 - 1/3*s**3 - 3/8*s**4 + 0*s - 2*s**2 - 1/60*s**5. What is the tens digit of k(-6)?
1
Suppose 0 = -99*r + 111*r - 18144. What is the hundreds digit of r?
5
Suppose 5*j = 10*j. Suppose -2*q + 4*p = 5*p - 69, 2*q - 3*p - 89 = j. What is the units digit of q?
7
Suppose -5*m + 5 = -5*a - m, 2*m + 4 = -4*a. Let t be (6 - 0) + (-1 - a). Let y = 6 + t. What is the units digit of y?
2
Let x(f) = -21*f**3 + 14*f**2 + 7*f + 8. Let r(a) = 14*a**3 - 9*a**2 - 5*a - 5. Let j(v) = -8*r(v) - 5*x(v). What is the tens digit of j(-2)?
5
Let a = -18 - -9. Let x be 2/a + (-245)/(-9). Suppose -3*k + 2*k = -x. What is the units digit of k?
7
Let j = 56 + 604. What is the tens digit of j?
6
Let w = -3042 - -5934. What is the thousands digit of w?
2
Let s(m) be the first derivative of m**2/2 + 9*m + 2. What is the tens digit of s(7)?
1
Let f(l) = -l**3 - 13*l**2 + 14. Let u(h) = -5*h**2 + 4*h - 1. Let a be u(2). What is the units digit of f(a)?
4
Let s = 2541 + 554. What is the thousands digit of s?
3
Let j = -443 - -275. Let m = 259 + j. What is the tens digit of m?
9
Let m = -1073 - -5070. What is the units digit of m?
7
Let j(i) = 647*i**2 - 3*i - 4. What is the hundreds digit of j(-1)?
6
Let s be -4 - 7*1/(-1). Suppose -s*d - 1 = -49. What is the units digit of d?
6
Suppose -y - 14*p + 12*p = -374, 0 = p. What is the hundreds digit of y?
3
Let m = 24 + -22. Suppose 28 = 2*c + 2*c - 4*t, 0 = m*c + 4*t + 16. What is the tens digit of c/4 + (-150)/(-12)?
1
Let w = 8545 + -5637. What is the hundreds digit of w?
9
Let d(f) = -2*f**3 + 35*f**2 - 17*f + 13. What is the hundreds digit of d(16)?
5
Let a = 1178 - 347. What is the tens digit of a?
3
Let b(k) = -k**3 + 18*k**2 - 20*k + 14. What is the hundreds digit of b(15)?
3
Let x be (12/(-3))/(-4)*-6. Let l = x + -2. What is the tens digit of ((-36)/l)/9*48?
2
Let i = 825 - 453. What is the hundreds digit of i?
3
Suppose -3*c + 14 = -v, c + 2*v = -0*c - 7. Suppose -5*l = c*d - 15 - 10, 4*d - 10 = -2*l. Suppose -l*z + 68 = -112. What is the tens digit of z?
3
Let i be 2*(-13)/(-5) - 6/30. Suppose 2*s - 2*y = -s + 776, -i*s + 1294 = -3*y. What is the tens digit of s?
6
Let p(n) = 22*n**2 + 24*n - 97. What is the hundreds digit of p(4)?
3
Let i be 4 + (-6)/(-15) + (-36)/15. Suppose i*r - 81 = 213. What is the hundreds digit of r?
1
What is the units digit of ((-12644)/(-9))/4 - (-18)/(-81)?
1
Suppose 0 = 2*k - 1115 - 2885. What is the tens digit of (k/(-140))/(2/(-7))?
5
Let c(m) = 10*m**2 - 15*m + 55. What is the tens digit of c(8)?
7
Let q(u) = u - 1. Let o(a) = 32*a - 48. Let c(y) = o(y) - 40*q(y). What is the units digit of c(-8)?
6
Let o be (-2)/(-9) - (-4)/(-18). Suppose -5*c - 5 = 0, -2*k - 3*c - 17 + 64 = o. What is the tens digit of k?
2
Let g = 11 + -26. Let f(w) = w**2 + 10*w - 2. What is the units digit of f(g)?
3
Suppose a + 2*g - 226 = 631, 0 = 3*a + 3*g - 2556. What is the tens digit of a?
4
Let i = -394 - -549. What is the units digit of i?
5
Let v = -5 + 10. Suppose 0 = -v*p + 16 + 4. Suppose 21 = p*c - 51. What is the units digit of c?
8
Let v be 2/4 - 38/4. Let i(w) = w + 10. Let r be i(v). Let q = 4 + r. What is the units digit of q?
5
Suppose 0 = 84*w - 55*w - 103704. What is the thousands digit of w?
3
Let k(g) = -g**2 - 6*g - 5. Let x be k(-9). Let n = 6 + x. What is the tens digit of 65/n*26/(-5)?
1
Let u = 870 + -441. What is the units digit of u?
9
Let q(t) be the first derivative of 2*t - 2 - 1/2*t**2 + 2/3*t**3 + t**4. What is the units digit of q(2)?
0
Suppose -3*z - 3*m + 8 = -1, z - 4*m = -7. Let r(l) = 16*l**2 - 3*l + 2. What is the units digit of r(z)?
5
Let y = -3 + 5. Suppose -2*m = 2*r - y, 3*r - 5*r = 3*m - 6. Suppose m*b + 21 = 5*b. What is the units digit of b?
1
Let k(j) = -11*j + 1 + j - 22*j + 3*j. Let v be k(-1). Suppose 0 = -2*n + n + v. What is the tens digit of n?
3
Suppose -356*j + 354*j + 336 = 0. What is the units digit of j?
8
Suppose -73 - 1159 = -2*r. What is the units digit of r?
6
Let u = -14 - -23. What is the tens digit of 1/(-1) + (u - -49)?
5
Let u be 4/(-10) + 314/10. Suppose b - u = 17. Let r = b - 28. What is the tens digit of r?
2
Suppose -4*m + m = -21. Let b be ((-2)/3)/(m/21). Let z(i) = 5*i**2 - 1. What is the units digit of z(b)?
9
Suppose 1623 = 3*a - 5175. What is the thousands digit of a?
2
Suppose 4*q - 1 = 39. What is the tens digit of q?
1
Suppose -3 = -0*n - 3*n. What is the tens digit of n/3 - 196/(-6)?
3
Suppose -5*r + 16 = 3*r. Suppose -r*z = -4*z + 298. What is the hundreds digit of z?
1
Let k be ((-2 - -1) + -2)*(-11)/3. Suppose k = 3*g + 5*m - 3, -g + 3*m + 14 = 0. What is the units digit of g?
8
Let u = -23 - -24. Let t = u - -4. Suppose t*x - 55 = 4*x. What is the units digit of x?
5
Suppose 0*y - 3*y = -15. Suppose 0 = -c + 2*i - 5*i + 137, -y*c - i + 629 = 0. What is the units digit of c?
5
Let c(o) = o**3 + 10*o**2 + 6*o - 18. Let y be c(-9). Suppose 2*p = 45 - y. What is the units digit of p?
8
Suppose -4*d + 12 = 0, 4*p + 8*d - 20 = 4*d. Suppose -5*r - 87 = -0*n - 2*n, p*n - 122 = -2*r. What is the units digit of n?
6
Suppose -1320 = -48*y + 59736. What is the tens digit of y?
7
Let f = -88 - -208. Suppose 3*a = 7*a - f. What is the tens digit of (-1)/3 + 880/a?
2
Let v(z) = 25*z**2 - 7*z - 12. What is the hundreds digit of v(8)?
5
What is the tens digit of 14/(-6)*1668*(-11)/44?
7
Suppose 0 = -11*q + 36350 - 10148. What is the units digit of q?
2
Let r(z) = 17*z + 5 + 13*z - 24*z + 3*z**2. What is the tens digit of r(-7)?
1
Suppose 1637 = 7*j - 29. What is the hundreds digit of j?
2
Let y(w) = w**3 - w**2. Let i(n) = 5*n**2 - 7*n - 6. Let h(p) = i(p) + y(p). Let t be h(-5). Suppose t*z - 2*z = 44. What is the units digit of z?
2
Suppose 3*r - 49 = -5*k, 3*k - 18 = 6*r - 4*r. Suppose -5*f - 444 = -k*f. Wha